f a.
2, 3, 5
Let j(n) = 2*n**2 + 10*n + 2. What are the prime factors of j(-7)?
2, 3, 5
Suppose -5*l - 25 = 20. List the prime factors of 1*23 + l/3.
2, 5
Suppose -5*i = -i - 8. Let u = -3 + 7. Suppose -t - 22 = -i*w, u*w + 0*t = -t + 38. What are the prime factors of w?
2, 5
Let u(w) = 17*w**2 + 3*w - 1. List the prime factors of u(2).
73
Suppose 2*y - 30 = 72. List the prime factors of y.
3, 17
Suppose p - 28 = -6. List the prime factors of p.
2, 11
Suppose -2*w + 14 = -5*a, 3*w - a + 4 = -6*a. Suppose -2 = w*v - 6. What are the prime factors of v?
2
Let j(p) = -35*p**2 + 1. Let b be j(-1). Let x = b - -47. List the prime factors of x.
13
Suppose 0 = -4*f + 5*f - 18. List the prime factors of f.
2, 3
Suppose -2*t + o + 99 = 0, -3*t = t - 3*o - 201. List the prime factors of t.
2, 3
Let u(s) = -s**2 - 8*s + 3. What are the prime factors of u(-3)?
2, 3
Let w be (-143)/(-78) + (-2)/(-12). Suppose w*t + 2*t - 104 = 0. What are the prime factors of t?
2, 13
Suppose 2*f - 7 = 1. Suppose f*r - 36 = r. List the prime factors of r.
2, 3
Let v be 154/(-3) - 4/6. What are the prime factors of 1/2 - v/8?
7
Let m(s) = s**3 - 9*s**2 - 21*s + 19. What are the prime factors of m(12)?
199
Let j = 91 - 197. Let u = -226 - j. List the prime factors of (u/(-16))/((-1)/(-2)).
3, 5
Suppose -5*z - 5*k = -775, z + 619 = 5*z + 3*k. List the prime factors of z.
2, 7, 11
Let c = 20 - 33. Suppose 5*h + 4*z - 105 = 0, -2*h - 17 + 59 = -3*z. Let q = h + c. What are the prime factors of q?
2
Let t(n) = 0*n - n + 4 + n**2 + 4*n. What are the prime factors of t(-3)?
2
Suppose 5*p = 8 + 17. Suppose p*w - 20 = 5. Suppose -5*t = -5*y + 50, 0 = 2*y + t - w*t - 10. What are the prime factors of y?
3, 5
Suppose -5*b + 5*u = 5, -u + 0*u = 5*b - 19. Suppose -b*v + 57 = -3*l, 3*l - 10 - 13 = -2*v. List the prime factors of v.
2
Let h(a) = 5*a**2 - a + 3. What are the prime factors of h(-3)?
3, 17
Let n = -7 + 7. Let j = 1 - 1. Suppose q + j - 2 = n. List the prime factors of q.
2
Suppose -y + 2*y = 3. Let t(p) = 2 - 3*p + p**2 + 0*p - p + y*p. What are the prime factors of t(-2)?
2
Suppose -2*g - 314 = -5*k - 62, -g = -4. What are the prime factors of k?
2, 13
Let h = -11 - -14. Suppose -4*d - 2 = -6, 2*d + 7 = h*k. List the prime factors of k.
3
Suppose 6 = 2*f - 14. Let r be (4/(-5))/(4/f). List the prime factors of (10 - -1) + r + 2.
11
Suppose 4*c = -3*t + 2*t + 142, -2*t + 104 = 3*c. List the prime factors of c.
2, 3
Suppose -4*m = 2*r - 6 - 12, 2*m = 2*r. Let f(v) = 0 + 0 + 9*v**2 - v**3 - 7*v + m. List the prime factors of f(8).
11
Let c be (-3 + (-5)/(-2))*0. Suppose -5*q + 34 + 81 = c. What are the prime factors of q?
23
Let b(g) = -g**3 - 2*g**2 - 3*g - 2. Let y be b(-1). Suppose 0 = -2*o, y = -f - 5*o - 1 + 15. What are the prime factors of f?
2, 7
Let s = -7 + 11. Suppose -4*f - 3*c + 63 = 0, -4*c - 33 + 5 = -s*f. List the prime factors of f.
2, 3
Let z = -64 + 115. Suppose -3*u = -0*u - z. List the prime factors of u.
17
Suppose -4*i = -p - 1, -2*i - 3*i = -4*p + 40. List the prime factors of (-2)/((-3)/(p/2)).
5
Suppose 140 = m + m - 2*o, -352 = -5*m + 3*o. List the prime factors of m.
71
Suppose -3*v + 31 = -26. What are the prime factors of v?
19
Let b = 52 + -17. List the prime factors of b.
5, 7
Let r = 275 - 187. What are the prime factors of r?
2, 11
Suppose -2*o + 8 = o - v, v = o. Suppose 2*g = 8 + o. Suppose g + 48 = 3*z. What are the prime factors of z?
2, 3
Let b be 17*(1 - (2 + -2)). Let l = b + -6. List the prime factors of l.
11
Let z(t) = t**3 + 9*t**2 + 7*t + 1. What are the prime factors of z(-7)?
2, 5
Suppose -4*d + 25 = -3*g, d = 4 - 3. Let o(l) = -l + 1. What are the prime factors of o(g)?
2
Suppose -2*x + 2*k + 18 = 7*k, 4*x - 5*k = 6. List the prime factors of (56/6)/(x/12).
2, 7
Suppose -109*h + 110*h = 176. List the prime factors of h.
2, 11
Let v(q) = 13*q**2 - 1. Let m be v(-1). Suppose 0 = -2*j + 5*j + m. Let y = j + 14. What are the prime factors of y?
2, 5
Suppose -s + 3 = -1, -7 = -f + s. Suppose -5*r - 19 = -4*n, 5 + f = 2*n + 4*r. Suppose 20 = y + n. List the prime factors of y.
2, 7
Let u(t) = -2*t**2 - 11*t + 1. Let q(b) = -5*b**2 - 23*b + 2. Let c(j) = -3*q(j) + 7*u(j). Let i be c(6). Let v = -7 - i. What are the prime factors of v?
2
Suppose 4*i + 114 = 7*i. List the prime factors of i.
2, 19
Suppose 3*c = 3*b - 18, -2*c = 8*b - 3*b - 2. Suppose n + 24 = 2*q, b = n - 2. List the prime factors of 6/9 - q/(-6).
3
Let c(b) = -b - 1. Let n be c(-5). Suppose v - 4*i = -n, 0 = 2*i - 3*i + 2. Suppose v*u = -8, -5*u = 3*z + 2 + 2. List the prime factors of z.
2
Let u be (-3)/((-24)/52)*-2. Let x = 0 - u. List the prime factors of x.
13
Let k(y) = y. What are the prime factors of k(2)?
2
Let w(a) = -a**3 + 12*a**2 + 14*a - 12. Let n be w(13). Let z = 2 + n. List the prime factors of z.
3
Let q = -43 - -85. List the prime factors of q.
2, 3, 7
What are the prime factors of (1*24)/(1 - 0)?
2, 3
Let q = -9 - -6. Let i(d) = -d**2 - 8*d - 2. List the prime factors of i(q).
13
Let g = 12 - -8. What are the prime factors of g?
2, 5
Suppose 0 = -4*n - 2*w + 6, 3*w - 1 = 2*n - 0*n. Let f(a) = 2*a - 1. Let j be f(n). Let v(x) = 5*x**2 + 1. List the prime factors of v(j).
2, 3
Let l(h) = h**2 + 6*h + 8. Let f(k) = k + 1. Let y be f(-7). List the prime factors of l(y).
2
Let k be (-4)/18 + 584/36. Let y = -1 - -3. Suppose -y*d - k = -6*d. List the prime factors of d.
2
Let k(t) = -t**3 - 8*t**2 - 4*t + 4. Let y be k(-4). Let o be (-2)/3 + y/(-12). Suppose -o = -3*r, 2*f - 3*r = -7*r + 22. List the prime factors of f.
3
Let s = 115 + -66. Suppose 3*p + 31 = 4*g - s, -5*p - 49 = -3*g. Let f = g + -10. List the prime factors of f.
13
Suppose 5*t + 3*l - 393 = 2*t, -5*l + 401 = 3*t. What are the prime factors of t?
127
Let b be 2/3 + 36/27. Suppose 7 = b*r - r. List the prime factors of r.
7
Let s be (1 + (-3 - -1))/(-1). Suppose -2*j - s - 3 = 0. Let g = 5 + j. What are the prime factors of g?
3
Let v(h) = -h**3 - 5*h**2 - 3*h - 3. Let r(m) = -m**2 + 11*m + 7. Let s be r(12). Let q be v(s). List the prime factors of 104/q*3/2.
13
Let b = 16 - 11. Suppose -u = b - 21. What are the prime factors of u?
2
Let z = -27 - -2. Let i = z - -41. What are the prime factors of i?
2
Let d = -61 - -323. What are the prime factors of d?
2, 131
What are the prime factors of 6/4 - 1215/(-18)?
3, 23
Let g(t) be the second derivative of -t**3/6 - 7*t**2/2 - 6*t. What are the prime factors of g(-10)?
3
Suppose 46 = 4*y - 214. List the prime factors of y.
5, 13
Let a(p) = 5*p. Let s be (-35)/(-49) - 4/(-14). Let t be a(s). Let r(o) = 2*o + 6. What are the prime factors of r(t)?
2
Suppose 0 = -3*i + 3*m + 105, 6*m - 2*m + 105 = 3*i. List the prime factors of i.
5, 7
What are the prime factors of ((-7 - -8) + 2/(-3))*57?
19
What are the prime factors of (-530)/(-15)*(-6)/(-1)?
2, 53
Let s be (5 + -2)*10/3. Suppose -s = -2*m + 16. List the prime factors of m.
13
List the prime factors of 133 - (1/(-2)*8 - -4).
7, 19
Let y be 3 + (-8)/2*55/(-20). Suppose u - 3*m = 3*u + 6, 3*u - 5 = -m. Suppose 2*w = u*w - y. List the prime factors of w.
2, 7
Suppose 0 = -3*u - 0*u + 12. Let k(f) = u*f - 4*f - 4*f. What are the prime factors of k(-2)?
2
Let x be 4 + (6 - 3/1). Let a = x + 6. List the prime factors of a.
13
Suppose -2*d - d = -126. What are the prime factors of d?
2, 3, 7
Suppose 2*m = -5*t - 21, 5*t + 4 + 23 = m. Suppose -6 = m*c - 0. Let a = 7 + c. List the prime factors of a.
2
Suppose -3*d + 311 = 4*t, t = -d - 4*t + 100. List the prime factors of d.
3, 5, 7
Let z = -3 - -25. Let t = z + -8. What are the prime factors of t?
2, 7
Let y(b) = -2*b**2 - 9*b - 2. Let u be y(-4). Let z(v) = 7*v + 4. Let n(l) = -l - 1. Let g(p) = 3*n(p) + z(p). List the prime factors of g(u).
3
Suppose 3*b - 540 = -0*b. What are the prime factors of b?
2, 3, 5
Let v(x) = -x + 12. Let k be v(9). Suppose 5*a - k*a = 0. Suppose a = -f + 19. List the prime factors of f.
19
What are the prime factors of 9/(-6)*1472/(-24)?
2, 23
Let s(a) = a + 11. Let b(g) = 1. Let v(t) = b(t) - s(t). Let d be v(0). Let o = d - -18. What are the prime factors of o?
2
Let o(c) = c**2 - 6. What are the prime factors of o(7)?
43
Suppose 0 = -2*m - 4*m + 1608. What are the prime factors of m?
2, 67
Let s = 426 + -197. What 